4 - ((-16 - 3) + 27))
9
(80 - 77) + (0 - -1) - 6
-2
Evaluate 2 + -11 - -21 - 12.
0
What is the value of (17 - 2) + (-176 - -167)?
6
Evaluate 5 + -45 + (17 - -28).
5
Evaluate -4 + 20 + (75 - 114).
-23
Calculate 31 + -37 - ((0 - 0) + -17).
11
Calculate (1 - -8) + -21 - (15 + -35).
8
What is the value of 8 + (12 - 12) + (3 - -4) + -2?
13
What is -10 - ((-6 - (-14 + 17)) + 30 + -3)?
-28
What is 0 + -10 - (-228 - -218)?
0
Evaluate (-3 - -1) + (-16 + 8 - -5).
-5
What is -5 - -3 - (-25 + -11 + 20)?
14
What is -39 + 3 - (-19 + (7 - (10 - 13)))?
-27
What is 7 + -4 + -21 + 13?
-5
Evaluate -3 - -6 - ((1 - 2) + -6 - -4).
6
-22 + 4 + 2 + (-5 + 5 - -1)
-15
Calculate 2 - 1 - (-301 + 322).
-20
-14 - (-19 + 34 - 15)
-14
What is the value of -13 + 14 + 8 + 19 + -26?
2
Evaluate 1 - (-3 - (10 + -7 - 8 - 3)).
-4
What is 10 + (-19 - -39) - (12 + 2)?
16
What is the value of 8 + 33 + -32 + -2 + 1 + 9?
17
9 - (-3 + 2) - (7 + (4 - 6))
5
Evaluate (15 - 23) + (-4 + 5 - -33) + 4.
30
What is the value of (0 - -1) + (236 - 255)?
-18
What is the value of -18 + (11 - ((2 - -9) + -4))?
-14
Evaluate -15 + (2 - -13) + -8.
-8
(3 - (4 - -10)) + 51 + 2 + -8
34
Calculate -15 - -6 - (18 + -3 + -5).
-19
12 - 4 - (-4 - (-7 - -5))
10
Evaluate -56 + 94 + -51 - ((1 - 0) + -7).
-7
13 + (10 + -15 - 1)
7
What is 2 - -28 - (70 - 55)?
15
What is (18 - -5 - (-8 + 17)) + -4?
10
Calculate (-11 + 2 - (-14 + 9 + 2)) + -1.
-7
45 + 21 + -67 + 0 + -1 + 0
-2
What is the value of 7 - (-49 + 47 + -12)?
21
What is 1 - -12 - (1 + 8 - 5) - 5?
4
What is (8 - (-4 + 11)) + 1 + 7?
9
(-352 - -358) + (-2 - (1 - -1))
2
Evaluate (3 + -2 - -14) + 93 + -82.
26
Calculate (-40 - -83 - 31) + -9.
3
What is 1 + (6 - 9) + 3 + -2?
-1
-14 - (-57 + 41) - (-15 + 0)
17
Calculate 13 - 12 - (12 + -2).
-9
Evaluate (15 - (-2 + 30)) + (1 - -13).
1
-18 - (0 - 17) - (-32 - -3)
28
What is -7 + -1 + 5 + 22 + -5 + -6?
8
-5 - (0 + 13 + -4 + -9 + 10)
-15
-39 + 59 - (3 + 14)
3
Evaluate (-12 - -6 - -1) + 8 + (1 - 2).
2
What is 26 - 1 - (0 + 0 - (100 - 100))?
25
What is the value of 0 + (-13 - (4 - 1))?
-16
-311 - -336 - (0 + (4 - (-1 + -1)))
19
Evaluate (29 + -25 - 26) + 16.
-6
What is (16 + -11 - 11) + 0 + -3 + 0?
-9
Calculate (1 - 7) + (21 - (12 + 3)).
0
What is -6 + 23 - (32 + 4)?
-19
What is the value of -3 - -9 - 17 - (0 - 5)?
-6
What is the value of 3 + (-2 - (22 + -21)) + 1 + 0?
1
9 - (-2 + 3 - ((-47 - 0) + 15))
-24
Evaluate -27 + -35 + 59 - (0 + 1 + -16).
12
What is 24 + 1 + (9 - 41)?
-7
What is 1 + -1 + (-2 - -2) + (-81 - -100)?
19
25 - (14 + 31) - -3
-17
What is (-2 - -3) + -9 + -3542 + 3543?
-7
Evaluate 1 + -1 - (38 - (-27 + 57)).
-8
What is the value of (28 - 35) + 12 + 5?
10
Calculate 4 + (-1 + -6 - (-3 - (11 + 5))).
16
Calculate -8 + (16 - -13 - 39).
-18
Calculate (-1 + 2 - -3 - -5) + 2 + -4.
7
9 - (-18 + (-39 - -54))
12
Calculate (-6 + 10 - (-1 + -4)) + 2.
11
What is (53 - 16) + -10 + -41?
-14
What is the value of 1 + (-33 - -7) - 11 - -14?
-22
What is the value of (0 - 3 - (7 + -3 + -5)) + -4?
-6
757 - 768 - (-11 - (3 - 2))
1
What is (1 - 1) + -46 + 43 + (-52 - -55)?
0
Evaluate -14 - (-10 + 7 + -1 + 2).
-12
Evaluate -13 - -3 - ((-41 - -10) + 15) - -6.
12
Calculate -5 + -3 + 0 + (0 - -3 - 5).
-10
Evaluate (-15 - 0) + (-77 + 33 - -58).
-1
(-6 - (-3 - 13)) + -9
1
(-17 - 2) + (18 - -9)
8
What is the value of 6 + (14 - 13) + (-3 - 9)?
-5
Calculate -561 - -559 - ((2 - 2 - -2) + 0).
-4
Evaluate -7 + 5 + -18 + 6.
-14
What is 44 + -36 + (24 - 28)?
4
Calculate (212 - 209) + (0 - (2 - 0 - -16)).
-15
0 + -19 + 9 - -13
3
2 + 6 + -4 + 47 + -39
12
(0 - -20) + -18 + -35 + 42
9
What is the value of (8 + -5 - (5 + 5 + -13)) + 4?
10
Calculate -46 + 9 + -17 + 22.
-32
What is the value of 5238 + -5277 + (-1 - (1 - 11))?
-30
What is 26 + (-22 - 2 - -4)?
6
What is the value of 6 - (14 + 0 - (80 + -71))?
1
Calculate -19 - -17 - -22 - ((-3 - 4) + 0).
27
28 + -4 + 6 + -36
-6
-42 + 61 + (-3 - (3 + -12 - -5))
20
What is the value of (-33 - (-35 + 17)) + 18?
3
Calculate 7 + (-2 - -2) + 3 + (1 - 10).
1
(22 - -3) + -44 + 30
11
Evaluate 13 + (2 - (20 - 15)) - 13.
-3
Evaluate 3 - (-7 + 6 + -10).
14
Calculate -7 + -1 - (27 + -36).
1
Evaluate 38 + (-15 - -8) + -9.
22
What is the value of 8 - (-5 - (-3 - (5 + 3))) - -24?
26
30 + (-2 - -12) + 10 + -20 - 6
24
What is -19 + (-9 - (-21 + 12) - (-9 - -1))?
-11
-44 - (-13 - 26) - (8 - -1) - 1
-15
10 + 0 - (-14 - -15 - -6)
3
Calculate -1 + (-2 - -1) + (16 - (14 + -5)).
5
-44 - (-39 + 10) - (2 - 1 - 1)
-15
-1 + 47 - (847 - 820)
19
What is -4 + (6 - (-2 - -5)) - (2 + 13)?
-16
Calculate 2 - (4 - (5 + -3) - -3).
-3
Evaluate 7 + (0 - (2 - -2 - (5 - 20))).
-12
-6 + (1 - 11 - -4 - 4)
-16
What is 1 - -14 - ((114 - 59) + -59)?
19
What is -21 - (13 - 5 - 50)?
21
Calculate (5 - -3) + 0 + (3 + -7 - -7).
11
Evaluate -52 + 77 - (29 - 3).
-1
Evaluate -44 + 20 + 4 + 10.
-10
Calculate 153 - 153 - (1 - (0 + -6)) - -8.
1
What is (-21 + 5 - 5) + 7 - -3?
-11
What is the value of (7 - 13 - -4 - 7 - -17) + 9?
17
What is the value of 3 - ((2 - 2) + -135 + 146)?
-8
Evaluate -11 + -13 + 14 + -4.
-14
Evaluate 13 + -1 - (289 - 272).
-5
What is 9 + (-2 - -1) - (-1 + 8 + 8)?
-7
What is 2 + (-1 - 2 - (8 - (11 - 7)))?
-5
Calculate (-5 + 18 - -6) + -42.
-23
What is 1 + 27 + (392 - 435)?
-15
Calculate -1 + -7 + -5 + 3 + 2 + 6.
-2
Evaluate 5 + -5 + (-1 - -14 - (34 + -31)).
10
Evaluate -10 + 18 + -1 - (2 - -11).
-6
Calculate (-19 - -57) + (-35 - 4).
-1
Evaluate -8 + (14 + 5 - 3).
8
Evaluate (57 - (31 - -18)) + (0 - (-1 - -30)).
-21
What is 42 + -46 - (-2 + 3)?
-5
Evaluate -2154 + 2188 + (1 - 15).
20
1 + 19 + -27 + 14
7
Calculate (3 - -28) + (-24 - (8 + -22)).
21
Evaluate -1 + 0 + -8 - (1304 - 1289).
-24
Evaluate -13 + 22 - (-5 - (-13 - -1)).
2
What is 43 - 44 - (9 - (7 - 20))?
-23
19 + -36 - (-1 + (-4 - -5))
-17
What is the value of -9 + 33 - -6 - 19?
11
Evaluate -139 + 136 - ((-6 - -4) + -22).
21
Evaluate 85 + -28 + -47 - (-10 - 1).
21
Evaluate -2 - -11 - (-14 - (-21 + -7)).
-5
(-10 - (-17 - -2)) + (0 - (28 - 2))
-21
6 - ((3 - -7) + -4) - (1 + -16)
15
What is 4 - (-7 + 12 + (-5 - -17))?
-13
What is the value of (1 - -4) + (-2 - 0) - (555 - 532)?
-20
-13 + (12 - (13 + -22 + 4))
4
What is the value of -6 + (-5 + 10 - -14)?
13
What is 6 + (-21 - 27) - -54?
12
What is -291 + 307 + (-17 - -1)?
0
What is the value of -17 + -5 + (8 - -7) + (-2 - -46)?
37
Calculate -152 - -50 - -114 - (40 - (-2 + 0)).
-30
-9 + 10 - 4 - 0 - -2
-1
-1201 - -1173 - (-11 - -1)
-18
What is the value of -3 + 16 - (8 - 7)?
12
What is -2 - ((32 - 26) + 0 + -4 + -30)?
26
What is 2 - (-6 + 1 - (3 + (1 - 5)))?
6
What is the value of (1 - (-6 + 5 + -5)) + -36 + 0?
-29
-1 + 35 - (213 + -173)
-6
What is the value of 9 - (-10 + 1 + 9) - -3?
12
What is (-12 - -1) + (-5 + 4 - -3) + 0?
-9
(-423 - -426) + 1 + 6 + -2
8
5 + (3 + -2 - ((-2 - -7) + -2))
3
What is the value of (6 + 5 + -10 - 10) + (6 - 1)?
-4
Calculate -3 + 1 + 0 + 0 + 1092 + -1096.
-6
Evaluate (-21 - 4) + 30 + -12.
-7
Evaluate 1 - -23 - (-20 + 22).
22
What is (6 - (-5 - -25)) + (-14 - (-6 + -4))?
-18
24 + -19 + -2 + 1 + -2
2
(3 - 3) + 2 - (-2 - -26 - 12)
-10
What is the value of (15 - 0) + (-5 + 23 - 10 - 11)?
12
Evaluate -3 + 14 + -18 - (2 + 3).
-12
Calculate 381 - 405 - (-1 - 27).
4
Calculate (-1 - 10) + (4 - 12).
-19
Evaluate 24 + 44 - (3 + 26).
39
14 - (-17 - -37 - -9)
-15
Evaluate 2 + (-8 - (3 - 7)) - (24 + -29).
3
-12 + -16 + 27 + 8
7
What is (14 - 1) + (-13 - -1)?
1
Calculate -137 + 106 + 20 + (2 - (0 - -1)).
-10
What is the value of -2 + (-24 - 4) + (6 - -3)?
-21
Evaluate -15 + -36 + 53 + -8 + 0.
-6
Evaluate 2 + 0 + 18 + -15 + (-4 - 1).
0
Evaluate 8 + -2 + 40 + -35 + 6.
17
-1 + 2 + -13 + 20 + -9
-1
20 + -12 + 0 + 6 + -28
-14
What is -245 + 245 - (0 + (-2 - 0)) - -6?
8
5 - 0 - (-5 - (-20 - (-12 + 4)))
-2
What is the value of (908 - 903) + (0 - 19 - -1)?
-13
Calculate ((7 - -5) + 4 - 6) + -4 - 23.
-17
What is -12 - (-3 - 14) - (-3 - 5)?
13
7 - (1 + (-9 - (-7 - -8)) - -4)
12
-1 + 13 - (2 - -14)
-4
What is (28 + -21 - -6) + -1 + -39?
-27
What is the value of (6 - (8 + -16)) + -8?
6
What is 13 - 6 - 2 - (3 + 3)?
-1
Calculate 11 - (9 + -5 + 11 + -11).
7
What is -7 - ((-3 - 0) + 0 + -2 - -2)?
-4
0 - 1 - (129 - 121) - (1 - 4)
-6
(-1 - -3) + 42 - (2197 + -2176)
23
What is the value of -4 + -1 + -6 + (-22 - -28)?
-5
-19 - (-31 + (